s the ten thousands digit of 3785278?
8
What is the thousands digit of 396024?
6
What is the thousands digit of 722874?
2
What is the hundreds digit of 17511583?
5
What is the tens digit of 126863?
6
What is the millions digit of 2124940?
2
What is the ten thousands digit of 386462?
8
What is the hundred thousands digit of 347384?
3
What is the units digit of 783347?
7
What is the hundreds digit of 5816256?
2
What is the millions digit of 19203341?
9
What is the hundred thousands digit of 2475123?
4
What is the units digit of 103292?
2
What is the units digit of 10242395?
5
What is the units digit of 2033009?
9
What is the ten thousands digit of 89677?
8
What is the units digit of 8594495?
5
What is the hundreds digit of 13893565?
5
What is the ten thousands digit of 200132?
0
What is the tens digit of 636063?
6
What is the hundreds digit of 47598?
5
What is the hundreds digit of 608063?
0
What is the ten thousands digit of 16509942?
0
What is the ten thousands digit of 637098?
3
What is the tens digit of 2320912?
1
What is the thousands digit of 2693183?
3
What is the units digit of 200461?
1
What is the tens digit of 34056163?
6
What is the ten millions digit of 19067399?
1
What is the hundred thousands digit of 4234194?
2
What is the units digit of 9495342?
2
What is the ten thousands digit of 23937979?
3
What is the tens digit of 330100?
0
What is the ten thousands digit of 651064?
5
What is the ten thousands digit of 94220?
9
What is the thousands digit of 178037?
8
What is the hundred thousands digit of 214108?
2
What is the thousands digit of 10540379?
0
What is the units digit of 12659212?
2
What is the millions digit of 1688455?
1
What is the units digit of 4197268?
8
What is the ten thousands digit of 655566?
5
What is the millions digit of 8869204?
8
What is the millions digit of 9036447?
9
What is the hundreds digit of 32959348?
3
What is the hundreds digit of 2211526?
5
What is the units digit of 817449?
9
What is the hundreds digit of 1166521?
5
What is the units digit of 325500?
0
What is the millions digit of 4968348?
4
What is the units digit of 7694?
4
What is the thousands digit of 232397?
2
What is the hundred thousands digit of 1101950?
1
What is the tens digit of 5218973?
7
What is the ten thousands digit of 8223944?
2
What is the ten thousands digit of 6648870?
4
What is the hundred thousands digit of 1742603?
7
What is the thousands digit of 312769?
2
What is the hundred thousands digit of 276705?
2
What is the thousands digit of 2535716?
5
What is the thousands digit of 88054?
8
What is the ten thousands digit of 157950?
5
What is the ten thousands digit of 1062457?
6
What is the hundreds digit of 14752?
7
What is the ten thousands digit of 1669462?
6
What is the units digit of 3981735?
5
What is the units digit of 166907?
7
What is the units digit of 121745?
5
What is the tens digit of 202087?
8
What is the hundred thousands digit of 1564582?
5
What is the millions digit of 1093799?
1
What is the units digit of 168850?
0
What is the ten thousands digit of 269107?
6
What is the millions digit of 2648787?
2
What is the hundred thousands digit of 259186?
2
What is the units digit of 1084740?
0
What is the ten thousands digit of 284972?
8
What is the thousands digit of 14201280?
1
What is the ten thousands digit of 619580?
1
What is the hundred thousands digit of 1498378?
4
What is the hundred thousands digit of 10577303?
5
What is the ten thousands digit of 225702?
2
What is the hundred thousands digit of 264340?
2
What is the hundred thousands digit of 3759048?
7
What is the ten thousands digit of 279321?
7
What is the hundreds digit of 37692?
6
What is the tens digit of 7900609?
0
What is the thousands digit of 1110608?
0
What is the hundreds digit of 295590?
5
What is the units digit of 123509?
9
What is the ten thousands digit of 5536937?
3
What is the hundreds digit of 11536442?
4
What is the ten thousands digit of 2897471?
9
What is the hundred thousands digit of 242540?
2
What is the hundreds digit of 632828?
8
What is the millions digit of 5272547?
5
What is the ten thousands digit of 114660?
1
What is the hundreds digit of 78501?
5
What is the millions digit of 4498760?
4
What is the ten thousands digit of 766766?
6
What is the hundreds digit of 814899?
8
What is the tens digit of 11829789?
8
What is the ten millions digit of 12208808?
1
What is the hundreds digit of 5808935?
9
What is the tens digit of 16539?
3
What is the thousands digit of 453637?
3
What is the units digit of 326106?
6
What is the hundred thousands digit of 16081714?
0
What is the units digit of 1699863?
3
What is the hundred thousands digit of 6666981?
6
What is the millions digit of 19594025?
9
What is the millions digit of 8414592?
8
What is the units digit of 1868417?
7
What is the thousands digit of 16566266?
6
What is the hundreds digit of 595103?
1
What is the ten thousands digit of 824975?
2
What is the hundred thousands digit of 1505664?
5
What is the thousands digit of 1180582?
0
What is the hundred thousands digit of 352343?
3
What is the thousands digit of 265467?
5
What is the millions digit of 2451764?
2
What is the millions digit of 10010476?
0
What is the thousands digit of 1184542?
4
What is the hundred thousands digit of 8530892?
5
What is the hundred thousands digit of 20442220?
4
What is the ten thousands digit of 1173286?
7
What is the hundreds digit of 694976?
9
What is the ten thousands digit of 39302557?
0
What is the thousands digit of 9760834?
0
What is the millions digit of 3803411?
3
What is the units digit of 1097216?
6
What is the thousands digit of 2767841?
7
What is the hundreds digit of 427012?
0
What is the units digit of 8441759?
9
What is the hundreds digit of 23264492?
4
What is the thousands digit of 13543699?
3
What is the ten thousands digit of 343682?
4
What is the tens digit of 5508969?
6
What is the ten thousands digit of 220214?
2
What is the ten thousands digit of 419677?
1
What is the ten thousands digit of 199478?
9
What is the thousands digit of 154782?
4
What is the hundred thousands digit of 1161030?
1
What is the hundred thousands digit of 617909?
6
What is the hundreds digit of 4333098?
0
What is the hundred thousands digit of 628852?
6
What is the thousands digit of 6910326?
0
What is the ten thousands digit of 1792537?
9
What is the thousands digit of 450967?
0
What is the tens digit of 2382725?
2
What is the thousands digit of 1547951?
7
What is the thousands digit of 2755378?
5
What is the thousands digit of 842280?
2
What is the hundreds digit of 86966?
9
What is the hundred thousands digit of 1054042?
0
What is the units digit of 2665374?
4
What is the thousands digit of 46671?
6
What is the hundreds digit of 9152?
1
What is the hundred thousands digit of 1633256?
6
What is the units digit of 322966?
6
What is the hundreds digit of 424191?
1
What is the hundred thousands digit of 18677242?
6
What is the hundreds digit of 266786?
7
What is the hundred thousands digit of 18681901?
6
What is the thousands digit of 5343254?
3
What is the hundreds digit of 236545?
5
What is the thousands digit of 3475199?
5
What is the hundreds digit of 16643866?
8
What is the tens digit of 245154?
5
What is the ten thousands digit of 361021?
6
What is the millions digit of 7745142?
7
What is the hundred thousands digit of 4204131?
2
What is the hundreds digit of 38141?
1
What is the hundred thousands digit of 1884196?
8
What is the hundred thousands digit of 1121140?
1
What is the hundred thousands digit of 8298642?
2
What is the thousands digit of 583869?
3
What is the units digit of 25470458?
8
What is the thousands digit of 16315133?
5
What is the hundreds digit of 855595?
5
What is the tens digit of 37849?
4
What is the units digit of 389928?
8
What is the tens digit of 309924?
2
What is the thousands digit of 1706230?
6
What is the units digit of 7204786?
6
What is the hundred thousands digit of 5934860?
9
What is the hundred thousands digit of 4299501?
2
What is the hundreds digit of 943412?
4
What is the hundreds digit of 26909?
9
What is the ten thousands digit of 2256382?
5
What is the tens digit of 1416648?
4
What is the ten millions digit of 20310288?
2
What is the hundred thousands digit o